s of y.
2, 5, 11
Suppose -d - 118 = -948. Let n = -170 + d. Let i = n + -432. What are the prime factors of i?
2, 3, 19
Let r(j) = -31*j + 1 + 1 + j**3 - 9*j**2 + 0*j**3. Let p be r(13). Let d = p + -107. List the prime factors of d.
2, 3, 7
Let j = 971 - -1712. What are the prime factors of j?
2683
Suppose -5*a - 25 = 0, 0 = -8*v + 10*v - a - 29. What are the prime factors of (391/4)/(3/v)?
17, 23
Suppose -3*d + 2*w + 0*w = -2, d + 4 = 3*w. Suppose -4*b + 28 = d*f, 0*b - 2 = -b - 3*f. List the prime factors of ((-291)/6 - -4)/((-2)/b).
2, 89
Suppose 4*p + 10 = 2*t, -p + 8 = -0*p - 4*t. Let x(o) = -o. Let w be x(p). Suppose 5*l - 75 = -y - 27, 3*y - w*l = 163. List the prime factors of y.
53
Let v = -14808 + 20510. What are the prime factors of v?
2, 2851
Let z = -75 - -75. Suppose 3*c + z*c = 1602. Suppose 3*x + 4*q - c = 0, -5*x - 864 = -10*x + 2*q. List the prime factors of x.
2, 3, 29
Suppose 0 = 5*z + 3*w - 760 - 48, -w - 824 = -5*z. Suppose 71*j - 75*j = -z. What are the prime factors of j?
41
Let z(b) = b**2 + 4*b - 72. Let k be z(-12). Suppose -7*c - k*c + 5983 = 0. List the prime factors of c.
193
Let g(y) = -1585*y + 411. What are the prime factors of g(-4)?
43, 157
Let c be (-1 - 32) + 3 - (-1 - 2). Let a = 105 - c. What are the prime factors of a?
2, 3, 11
Let v be 2 + -4*2 + -2. Let a = -3176 - -3179. Let i = a - v. What are the prime factors of i?
11
Suppose a = -5*x + 26589, 4*a - 105884 - 388 = x. What are the prime factors of a?
163
Let m = 93 + -181. Let g = 171 - m. What are the prime factors of g?
7, 37
List the prime factors of 42/(-70) + 46752/20.
3, 19, 41
Let o(q) = 2*q**3 + q**2 - 2*q + 1. Let m be o(2). Let r(v) be the first derivative of v**2 + 34*v + 369. What are the prime factors of r(m)?
2, 17
Let c(h) = 15*h**3 + 4*h**2 - 39*h + 31. What are the prime factors of c(8)?
5, 1531
Let u = 1424 + 1680. List the prime factors of u.
2, 97
Let t be ((-78)/(-117))/(2/(-24)). List the prime factors of (-5772)/t - 1/2.
7, 103
Let i(u) = 491*u**3 + 2*u**2 + 4*u - 11. Let z be i(2). Let g = z + -2779. List the prime factors of g.
2, 577
Suppose 0*v + 3*v = t + 1662, -3*v = -4*t - 1671. Suppose n - 278 = 2*r, -2*n = -r - 4*r - v. List the prime factors of n.
2, 71
Let h(t) = -4613*t + 1113. What are the prime factors of h(-8)?
7, 5431
Let l be ((-38)/(-8) + -4)/((-1)/(-4)). Suppose l*t - 2*w - 280 = 0, 2*w = -4*t + 605 - 213. List the prime factors of t.
2, 3
Let c(v) = -55*v**3 - v**2 + v + 2. Let z be c(-1). Let k = 142 - z. Suppose k = x - 11. List the prime factors of x.
2, 7
Suppose 40*h = 35*h + 89090. What are the prime factors of h?
2, 59, 151
Let p be 1 + 27/2 + (-6)/4. Let c(y) = y**3 - 12*y**2 - 14*y + 8. Let a be c(p). Let u(z) = z**2 - z - 7. What are the prime factors of u(a)?
23
Let d(f) = 296*f**2 + 4*f - 2. Let g be (12/18)/1 - 1/(-3). List the prime factors of d(g).
2, 149
Let m = 67 - 158. Suppose 83*d = 109*d - 4316. Let n = m + d. List the prime factors of n.
3, 5
Suppose 2*v - 9268 = 930. List the prime factors of v.
5099
Suppose -3*j - 167090 = 169*j - 5962114. What are the prime factors of j?
2, 8423
Suppose 2*m - 8 = -0*m. Suppose -22 - 48 = -2*d + 2*s, -d = -m*s - 38. Suppose -2*h + h + d = 0. List the prime factors of h.
2, 17
Let b be ((-389)/2)/(-4*(-1)/8). Let i = b + 777. What are the prime factors of i?
2, 97
Let k be (9 - -3445) + -1 + (3 - 4). Suppose s = 4*n - 0*s - 2767, 5*n + s - k = 0. List the prime factors of n.
691
Let a be (-1)/2*4/(-1). Suppose -9*o + 8597 = 8597. Suppose -7*v - a*v + 882 = o. What are the prime factors of v?
2, 7
Let s = -4026 + 4263. List the prime factors of s.
3, 79
Suppose k - 2*i - 7787 = 0, -38*i - 15576 = -2*k - 35*i. List the prime factors of k.
3, 7, 53
Let s(m) = -8*m**3 - 3*m**2 - 6*m - 6. Let q(g) = -g**3 + 8*g**2 + 21*g - 14. Let o be q(10). Let a be s(o). Suppose a + 758 = 5*d. List the prime factors of d.
2, 31
Let w(c) = c**3 + 7*c**2 - 7*c + 1. Let n be w(-8). Let g be 8/14*(n/(-2))/1. Suppose -7 = -4*a + 5, -g*a - 589 = -5*i. What are the prime factors of i?
7, 17
Let p = 88 + -96. Let z be p/(-24) - (-2878)/6. Suppose -5*j + 285 = -z. List the prime factors of j.
3, 17
Let l(k) be the first derivative of -k**4/4 - 11*k**3/3 - k**2 - 25*k - 5. Let d be l(-11). What are the prime factors of d*51/(-9) + (-1 - -3)?
19
Let o be (-12)/(-4) - ((1 - 6) + -2792). Suppose -4*i + o + 524 = 0. What are the prime factors of i?
3, 277
Let p(l) = 4*l**2 - 4*l. Let r = -91 - -12. Let j = r - -82. What are the prime factors of p(j)?
2, 3
Suppose 40*m - 35*m - 766 = -2*b, -m + b + 149 = 0. List the prime factors of m.
2, 19
Let b = 395 + -927. Let r = -45 - b. List the prime factors of r.
487
Suppose 0 = 12*i - 5*i - 14. Suppose -2*o = i*u - 2302, -6*u + 2*u + 4583 = -3*o. What are the prime factors of u?
2, 7, 41
List the prime factors of (362928/20 - 3) + (-8)/20.
18143
Let s(d) = d**3 - 7*d**2 + 5*d + 10. Let i be s(4). What are the prime factors of (174/(-18) + 3)*i?
2, 3, 5
Let g(w) = -284*w**2 + 9*w + 21. Let t be g(-2). Let b = t + 1871. What are the prime factors of b?
2, 3, 41
Let b be 18/36 + 3/2. Suppose b*c + 1488 = 5*c. List the prime factors of c.
2, 31
Let l = 70 + 43. Let x = l - 108. List the prime factors of x.
5
Let r(g) = g**3 - 18*g**2 + 4*g - 16. Let m = 17 + -12. Suppose -2*y + 80 = m*a, a + 2*y + y - 3 = 0. What are the prime factors of r(a)?
2, 7
Let q(y) = 26*y + 149. List the prime factors of q(41).
3, 5
Let x = 15 - 14. List the prime factors of (159/(1 - -2))/x.
53
Let v be (-11)/(4/16*-2). Suppose 0 = w - v. Suppose 2*i - 4*p - 14 + 4 = 0, 0 = -2*i - 2*p + w. List the prime factors of i.
3
Suppose -2*l = -5*s + 5, -2*l - 2*l + 4*s = -8. Suppose r - 3*r = a - 209, 4*a + l*r - 821 = 0. List the prime factors of a.
199
Let t be 2/(-4) - (-575)/10. Suppose t*u - 54*u = 6696. Suppose -x + u = 11*x. List the prime factors of x.
2, 3, 31
Let l be (-39)/52*(-1959 + -5). Let t = l - 629. What are the prime factors of t?
2, 211
Let v(u) = u**3 + 13*u**2 + 10*u + 12. Let f be (-14)/((-2 + 0)/(-1)). List the prime factors of v(f).
2, 59
What are the prime factors of 616680/(-432)*(-182)/5?
7, 13, 571
Let w = 10579 - 5953. What are the prime factors of w?
2, 3, 257
Suppose 0 = 5*y + 86 + 64. Let b be (-96)/(-15)*y/(-2). Suppose z - 72 = -3*o - z, 2*z + b = 4*o. What are the prime factors of o?
2, 3
Let v be 4/14 + 26/(-91). Suppose v*l = l - 288. Let p = -47 + l. What are the prime factors of p?
241
Let x(n) = -213*n - 14. Let c be x(-1). Let q = 606 - c. List the prime factors of q.
11, 37
Let j = -7440 - -12692. What are the prime factors of j?
2, 13, 101
Suppose -26*v + 27*v - 4844 = 4*o, -v + 3*o = -4847. Suppose -5*s - 399 + v = -3*l, 0 = -3*s - l + 2677. List the prime factors of s.
2, 223
Let y(k) = -56*k**3 - 12*k**2 - 25*k + 40. What are the prime factors of y(-8)?
2, 1759
Suppose -1 + 3 = -2*n, 3*o = 3*n + 39. Suppose -o = -3*i + 3. Suppose -s = 3*j - 4*s - 57, j = i*s + 27. What are the prime factors of j?
17
Let p = 53 + -27. Let n = p + -116. Let g = n + 135. What are the prime factors of g?
3, 5
Let y(g) be the first derivative of -3*g**4 - 8*g**3/3 - 6*g**2 - 15*g + 285. List the prime factors of y(-5).
5, 269
Let h be (6/(-18))/(134/(-132) - -1). List the prime factors of 426*(3 - 2) - (17 - h).
431
List the prime factors of 15/(-35) - ((-2)/4 - 33735719/742).
2, 127, 179
Let a = -58 + 68. Let d(u) = -4*u + 32. Let k be d(a). What are the prime factors of 2/4 + (-348)/k?
2, 11
Let n(i) = -70*i + 2092. What are the prime factors of n(-10)?
2, 349
Let g(q) = -5*q - 3. Let u be g(4). Let m = -38 - -122. Let r = u + m. List the prime factors of r.
61
Suppose 20*h - 66882 = 16*h - 6198. List the prime factors of h.
3, 13, 389
Suppose -u = -4*y - 321, 0 = 6*y - y + 25. Suppose 7*t - 2156 = u. List the prime factors of t.
3, 13
Suppose -2*r = 4*q - 23334, -5*r = 9*q - 5*q - 58341. Suppose m - 8*m + r = 0. List the prime factors of m.
1667
Let h(t) = t**3 + 11*t**2 + 20*t + 2. Let k be h(-7). Let n = 63 - k. Suppose 2*s + 0*x - 248 = -2*x, s + n*x = 144. What are the prime factors of s?
7, 17
Let o = -158 + 161. Suppose -3*p = 4*r - 491, -363 = -o*r - 2*p + 5*p. What are the prime factors of r?
2, 61
Let c(y) be the second derivative of